s the units digit of n?
4
Suppose 8 = -2*a, 19 = o - 4*a - 8. Let y = o + 1. What is the units digit of y?
2
Suppose -5*z = -45 - 40. What is the units digit of z?
7
Let m be -2 + (-2)/(-2) - -4. Suppose 4*w + 4*o = 2 + 18, 3*w - m*o = 21. Suppose -2*b = -w*b + 4. What is the units digit of b?
1
Suppose -r + 2*d - 5 = d, -r - 5*d + 19 = 0. Let b = r + -1. Let j = 3 + b. What is the units digit of j?
1
Suppose -l + 28 = 3*l. What is the units digit of l?
7
Suppose -12 = -5*b + 3. Suppose -b*z + 10 = 1. Suppose -3*o = -z - 9. What is the units digit of o?
4
Suppose -2*a + 10 = -8. What is the units digit of (a/3 + 35)*1?
8
Let s(z) be the first derivative of z**2/2 + z - 1. Suppose -5*g + 20 = -g. What is the units digit of s(g)?
6
Let q = 44 - -72. What is the tens digit of q?
1
Suppose 9 = -3*w - 9. Let b be w/(-9) - (-94)/(-6). What is the units digit of (4/(-5))/(2/b)?
6
What is the tens digit of 23 + (-4 - -4) + 1?
2
Suppose 4*b + 2*j + 2 = 4, 0 = -2*b - 2*j - 4. Suppose -58 = -4*m + 2*n, 4*m - n - b = 60. What is the units digit of m?
7
Let s(f) = -2*f**3 + f. Let m(z) = -z**2 + 10*z - 10. Let t be m(9). What is the units digit of s(t)?
1
Suppose -2*s = -s + 1, 3*y - 4*s - 88 = 0. Suppose -3*u = -14 - y. What is the units digit of u?
4
Let u(n) = n + 32. What is the tens digit of u(0)?
3
Let g(f) = f**3 + 4*f**2 - 2*f - 6. Let n be g(-4). Suppose -n*b = 13 - 51. What is the tens digit of b?
1
Let i(m) = -6 - 3*m**2 - 2*m + 0*m**2 - 3*m + 4*m**2. Let k be i(-4). What is the units digit of (k/(-4))/((-9)/12)?
0
Let t(u) = -2*u + 0*u**2 + u + u**2. Let z be t(0). Let h(o) = -o**3 + o**2 + 6. What is the units digit of h(z)?
6
Let h(j) be the second derivative of -j**5/20 - 7*j**4/12 - 4*j**3/3 - j**2 + 3*j. Let z be h(-6). Suppose -4*k + z = -38. What is the units digit of k?
2
Suppose -46 = -b - 12. What is the units digit of b?
4
Suppose 3*n - 5 = 7. Suppose l - 11 = -y, 8 = n*y - 8*y. What is the tens digit of l?
1
Let y(r) = -9*r + r + 6*r + 3. What is the units digit of y(-5)?
3
Let p = 2 - 0. What is the units digit of (-1)/(p/(-11 + 1))?
5
Let s = 20 + -13. Let v = s + -5. Suppose a - v = -0. What is the units digit of a?
2
What is the hundreds digit of 8 + -5 + -3 + 171?
1
Let z = -30 + 54. Suppose -z = 2*w - 6*w. What is the units digit of w?
6
Suppose -a = 2*a + 18. What is the units digit of (-45)/a + 1/(-2)?
7
Suppose 5*l - 2*o = -0 - 10, 2*l + 3*o - 15 = 0. Suppose l = -2*u + 56 - 6. What is the units digit of u?
5
Let r(p) be the third derivative of p**5/60 + p**4/12 - p**3/2 - 6*p**2. What is the tens digit of r(-6)?
2
Suppose 3*c + 30 = 5*c + 4*u, 2*u = -3*c + 33. Let o be ((-66)/c + 0)*-3. Suppose -4*t + 74 = o. What is the units digit of t?
3
Let p(t) = t + 17. Let y be p(-13). Let h be (0 - -1)/(y/(-36)). Let k = -5 - h. What is the units digit of k?
4
Let d(q) = q**3 + q**2 - q + 1. Let r(o) = -3*o**3 + o**2 + 5*o + 3. Let b(x) = -4*d(x) - r(x). Let s be b(-5). What is the units digit of (-1*5 - s)*-1?
3
Suppose 8*r - 13*r = -240. What is the tens digit of r?
4
Suppose 3*o - 5 = -14. Suppose 1 = 5*w - 4. What is the units digit of (w/(-1))/(2 + o)?
1
Let q(o) = -7*o**2 + 2*o - 9. Let u(g) = 6*g**2 - 2*g + 8. Let v(n) = 5*q(n) + 6*u(n). Let h be (-2)/4 + 9/2. What is the tens digit of v(h)?
1
Suppose 0 = -4*i + 3*w + 17, 0*i + 3*i = w + 9. Suppose 5*a - 6 = i*o - 0, 4*a - 4 = 2*o. What is the units digit of a?
2
Suppose v = 5*n + 34, v + 25 = 2*v + 4*n. What is the tens digit of v?
2
Suppose -10*g + 8*g = -84. What is the units digit of g?
2
What is the tens digit of -2*(-71)/2 + (-17 - -13)?
6
Suppose 14 = 4*s + 5*z, 7*s - z = 2*s + 32. Let i(p) = -p**3 + 6*p**2 + p - 8. Let y be i(6). What is the units digit of y/(-3) - (-2)/s?
1
Let x(w) = w - 3. Let v be x(6). Suppose 0*a - 9 = -v*a. Suppose 5 = a*u - 2*u. What is the units digit of u?
5
Let k be -2*(3/2)/3. Let g = k - -2. What is the units digit of g?
1
Let f = 40 - 31. Suppose -3*z = -5*z. Suppose o + 4*b + f = z, -4*o + 0*b = b - 39. What is the units digit of o?
1
Suppose -x - 3*o + 47 = 0, 2*x + 27 = 3*x - 2*o. What is the tens digit of x?
3
Suppose b + 0*z = -z + 18, -62 = -3*b - z. Let x = 36 - b. What is the units digit of x?
4
Let f be ((-2)/3)/((-3)/18). Suppose -f*n - 6 + 28 = c, -n + 5 = 0. What is the units digit of ((-27)/c)/3*-2?
9
Suppose -3*a + a - 4*x = -532, 4*a + x = 1029. What is the hundreds digit of a?
2
Suppose 4*z - 60 - 12 = 0. What is the tens digit of z?
1
Suppose -o + 2*o + 10 = 0. What is the units digit of (-74)/o + (-4)/10?
7
Suppose -3*v = -255 + 78. What is the units digit of v?
9
Let w(m) = -5*m + 30. What is the tens digit of w(-27)?
6
Let c(y) = -7*y**2 - 3*y - 3. Let p(j) = -3*j**2 - j - 2. Let b(f) = 2*c(f) - 5*p(f). Let v(h) be the first derivative of b(h). What is the units digit of v(6)?
1
What is the hundreds digit of (5 + 19/(-3))*(-981)/6?
2
Suppose 111 + 27 = 2*j. What is the tens digit of j?
6
Suppose 3*w + 0*w - 9 = 0. Let z be (w*6/(-9))/(-1). Suppose -4*m = m + 4*g - 2, -6 = -z*m + g. What is the units digit of m?
2
What is the units digit of (-55 + -2)*(-4)/6?
8
Suppose 4*b - 1 = n, 0 = b + b - 2. Suppose -5*p + 1 = n*r - 11, -3*p = 3*r - 12. What is the units digit of r?
4
Let s(c) = -c**3 + 6*c**2 + 3*c + 2. Let p be s(6). What is the tens digit of 1 + 0 + 2 + p?
2
Let h(v) = -v**2 + 5*v - 4. Suppose 8 = o - 0*c + 5*c, -1 = -c. What is the units digit of h(o)?
2
Let t = -5 - -6. Suppose 2*q + 3 = 3*h, 4*q = 2*q + h - t. What is the tens digit of q/(-2) - (-3 - 10)?
1
Suppose -4*i = -16, 2*m - 6*m + 108 = -i. Suppose g = 5*g - 20. Suppose 4*d = g*t - m, -t + 2*d = -3 + 1. What is the units digit of t?
8
Suppose 8*t - 330 = 3*t. What is the units digit of t?
6
Suppose 3*a - 2 = 7. What is the units digit of a?
3
What is the units digit of 1914/(-110)*10/(-2)*1?
7
Suppose 0 = 3*x - 6*x + 87. What is the tens digit of x?
2
Suppose 6*q + 12 = 3*q. Let d be (-1 + 2 + 0)*1. What is the units digit of d/q - 21/(-4)?
5
Suppose -o + 17 + 16 = 0. Suppose 2*q = -l - 0*q + o, q - 38 = -l. What is the units digit of l?
3
Suppose 5*n = 4*v - 9*v - 15, 5*n = -4*v - 18. Let x = 8 + n. What is the units digit of x?
2
Suppose 0 = 5*g - 0*g. Suppose 4*l + g*z - 78 = -5*z, -3*l + 56 = 5*z. What is the units digit of l?
2
Let o be 0*(-2)/(-4)*-1. Suppose 5*q = -15, o*g - 4*q = -g + 17. Suppose 0 = -m + g + 4. What is the units digit of m?
9
Let h = 51 + -33. Let g be h/4*8/12. Suppose g*t - 20 = -5*c, 3*c = 4*t - 2*t - 7. What is the units digit of t?
5
Suppose -3*a = y - 10 - 17, 4*a - 23 = -y. What is the tens digit of y?
3
Suppose 845 = -3*f + 8*f. What is the tens digit of f?
6
Let a(k) = k**3 + k**2 - 4*k + 2. Let u(y) = 3*y**3 + 2*y**2 - 11*y + 5. Let j(t) = -8*a(t) + 3*u(t). What is the units digit of j(3)?
5
What is the hundreds digit of (-2)/11 + (-2)/33*-2148?
1
Let k = -4 + 6. What is the units digit of (-13)/k*(-2 - 0)?
3
Let p(s) = -s**2 - 7*s + 9. Suppose -m + 60 = 2*m. Let g be (-36)/15*m/6. What is the units digit of p(g)?
1
Let s(h) = -h**3 + h**2 - 34. Let o(r) = 1. Let l(i) = -3*o(i) - s(i). What is the tens digit of l(0)?
3
Let b(r) = 3*r**2 - 1 + 8*r**2 - r**3 + 2. Let f be b(11). What is the units digit of (14/(-4) + f)*-2?
5
Suppose 0 = 3*w - 8*w. Let c be (-2)/(2/(-10)*-2). Let u = w - c. What is the units digit of u?
5
Let v(j) = 5*j**2 - 1. Let f be v(-1). Suppose f*b = 2 + 26. Suppose 3*g = 20 + b. What is the units digit of g?
9
Suppose -5*q - 4*n = -248, -3*q + 61 = 5*n - 80. What is the tens digit of q?
5
Let t(i) be the third derivative of -i**6/120 - i**5/15 + i**4/6 - i**2. Let x be t(-5). Suppose x*j - j - 4 = 0. What is the units digit of j?
1
Suppose 3*j - 8*j = 25. Let m = 23 - j. What is the units digit of m?
8
Suppose 0 = v + 2 - 5. What is the units digit of -2 + v + (2 - -21)?
4
Let g = 24 + -57. Let m be (-2)/3 + g/(-9). Suppose -h = -5 + m. What is the units digit of h?
2
Suppose g + 3*g - 192 = 0. What is the units digit of g?
8
Let c(h) = h**3 + 6*h**2 + 2*h - 7. Let n(s) = 4*s - 1. Let m be n(-1). What is the units digit of c(m)?
8
Suppose 2 = -2*b + 2*k, -19 = -2*b + 6*k - 11*k. Suppose -b + 40 = a. What is the units digit of a?
8
What is the tens digit of -1 - (436/(-6) + (-8)/(-12))?
7